0
What is 1223 (base 5) in base 11?
161
What is 216 (base 14) in base 12?
2a4
-331c (base 16) to base 14
-4aa8
13320 (base 6) to base 16
810
What is -7305 (base 13) in base 11?
-10a37
Convert 1458 (base 10) to base 12.
a16
Convert 7706 (base 10) to base 8.
17032
-1a3 (base 13) to base 4
-10232
Convert -1031310 (base 5) to base 14.
-6649
293 (base 14) to base 4
20021
Convert 70b9 (base 13) to base 14.
5935
Convert -13643 (base 8) to base 15.
-1bd6
-21a5a (base 12) to base 7
-244231
What is -673 (base 11) in base 12?
-572
Convert -2202 (base 7) to base 8.
-1422
What is 5c51 (base 14) in base 4?
3330033
What is -10202 (base 4) in base 11?
-244
What is -44579 (base 11) in base 8?
-176103
-100100 (base 2) to base 7
-51
What is -212201 (base 3) in base 4?
-22000
-3040310 (base 5) to base 4
-30010233
What is 1b7 (base 15) in base 5?
3042
Convert 69b (base 15) to base 13.
8b1
What is 222020 (base 3) in base 9?
866
87 (base 15) to base 2
1111111
Convert -11653 (base 7) to base 16.
-c04
-32334 (base 5) to base 2
-100010101011
-517 (base 16) to base 14
-691
Convert -15783 (base 9) to base 11.
-8172
-1938 (base 11) to base 3
-10101011
-406b (base 12) to base 2
-1101101010011
What is 9d6e (base 15) in base 16?
827c
What is 15d4e (base 15) in base 9?
116632
What is -4745 (base 8) in base 10?
-2533
544 (base 6) to base 13
130
What is -101001100010100 (base 2) in base 12?
-10384
Convert 322342 (base 5) to base 8.
25334
What is 114345 (base 8) in base 14?
1039b
Convert -11013 (base 4) to base 6.
-1303
b4e (base 16) to base 6
21222
What is 1010010100 (base 2) in base 3?
220110
Convert -3253 (base 16) to base 6.
-135351
Convert -a037 (base 11) to base 2.
-11010000100110
Convert 23244 (base 11) to base 14.
c337
Convert -452 (base 10) to base 12.
-318
2805 (base 9) to base 8
4077
Convert -100220022 (base 3) to base 7.
-30020
What is 3042412 (base 5) in base 7?
264664
-67a9 (base 12) to base 15
-3620
5145 (base 7) to base 9
2416
What is -1101 (base 3) in base 5?
-122
-427 (base 11) to base 14
-289
Convert 59ab (base 15) to base 5.
1102221
700 (base 8) to base 5
3243
3375 (base 11) to base 5
120223
Convert -21103220 (base 4) to base 14.
-dc6c
Convert -3213 (base 6) to base 16.
-2d9
What is 4261 (base 10) in base 8?
10245
What is -1c5 (base 13) in base 15?
-170
Convert 2235 (base 7) to base 4.
30222
What is -b83 (base 12) in base 3?
-2022100
-420 (base 6) to base 7
-312
What is -6a86 (base 16) in base 7?
-142335
Convert -b0 (base 12) to base 6.
-340
What is -596 (base 10) in base 14?
-308
Convert 657 (base 15) to base 12.
9b4
-133 (base 8) to base 14
-67
What is -32 (base 8) in base 10?
-26
Convert 1131 (base 6) to base 5.
2041
What is 7954 (base 12) in base 7?
54142
Convert 12031101 (base 4) to base 3.
1021212200
What is 3069 (base 14) in base 13?
3a35
Convert -22315 (base 8) to base 16.
-24cd
Convert 3126 (base 7) to base 14.
586
21231201 (base 4) to base 9
60506
Convert 1011222 (base 3) to base 11.
715
What is 239 (base 12) in base 10?
333
Convert -1000011 (base 2) to base 5.
-232
-950 (base 12) to base 13
-804
Convert 2311123 (base 4) to base 9.
16831
-30330 (base 4) to base 6
-3500
-11111100001100 (base 2) to base 13
-7467
-2313333 (base 4) to base 3
-121011010
-4761 (base 13) to base 15
-2ea0
-411 (base 9) to base 15
-174
What is 21862 (base 9) in base 6?
151215
-20766 (base 13) to base 3
-2222002120
Convert 6239 (base 14) to base 5.
1020112
-214 (base 6) to base 10
-82
Convert 1399 (base 14) to base 2.
110110001011
Convert -171 (base 15) to base 14.
-199
-84 (base 15) to base 2
-1111100
What is 43a4 (base 13) in base 8?
22325
What is -8006 (base 12) in base 9?
-20866
-12234 (base 5) to base 10
-944
What is -1d9 (base 16) in base 14?
-25b
Convert 25122 (base 6) to base 15.
1182
Convert -1083 (base 13) to base 9.
-3140
1233 (base 4) to base 16
6f
What is -1233233 (base 4) in base 6?
-53035
2211200 (base 3) to base 13
c33
Convert -32c (base 13) to base 2.
-1000100001
15776 (base 8) to base 14
287c
Convert -221130 (base 4) to base 15.
-bbc
Convert 4cc5 (base 14) to base 4.
3102331
3668 (base 13) to base 11
5862
What is -293 (base 10) in base 5?
-2133
72b (base 13) to base 6
5352
What is 1213300 (base 5) in base 2?
101100110100110
Convert -1010323 (base 4) to base 14.
-1871
1756 (base 10) to base 15
7c1
826 (base 9) to base 10
672
47cb (base 14) to base 6
133555
What is -37663 (base 8) in base 15?
-4c72
1011000011101 (base 2) to base 3
21202200
Convert 6a8a (base 11) to base 6.
111010
Convert -1801 (base 11) to base 3.
-10011012
21251 (base 8) to base 2
10001010101001
What is 2c7 (base 16) in base 5?
10321
34411 (base 5) to base 10
2481
Convert 2cb (base 14) to base 7.
1444
48b (base 13) to base 4
30113
12313200 (base 4) to base 7
145002
What is -44440 (base 5) in base 9?
-4246
What is -bc91 (base 13) in base 7?
-136500
What is 14162 (base 11) in base 10?
20154
What is -1353a (base 13) in base 6?
-434514
135b (base 14) to base 13
1727
14045 (base 6) to base 16
88d
What is -249 (base 13) in base 10?
-399
Convert 347 (base 9) to base 6.
1154
What is -629 (base 10) in base 13?
-395
503133 (base 6) to base 5
2231320
Convert -504 (base 15) to base 7.
-3202
-3b5 (base 15) to base 13
-500
28c (base 13) to base 16
1c6
Convert -10776 (base 8) to base 7.
-16300
Convert 2403 (base 6) to base 5.
4304
Convert 1041015 (base 6) to base 15.
10662
-118307 (base 9) to base 11
-49955
Convert 75a (base 16) to base 10.
1882
Convert 558 (base 16) to base 2.
10101011000
What is 133a (base 13) in base 14?
1009
-455 (base 12) to base 14
-33b
What is 94 (base 12) in base 10?
112
What is -27020 (base 8) in base 3?
-121011202
What is 328 (base 15) in base 8?
1311
What is 33 (base 7) in base 2?
11000
What is -28e (base 16) in base 3?
-220020
What is 5532 (base 12) in base 15?
2bb8
-20b6 (base 13) to base 12
-2767
What is 9143 (base 15) in base 11?
21046
5342 (base 8) to base 11
2103
Convert -1143 (base 5) to base 13.
-104
Convert 1e12 (base 15) to base 14.
2554
Convert 1cc (base 16) to base 9.
561
Convert -132 (base 13) to base 10.
-210
What is 1110000010100111 (base 2) in base 5?
3320021
Convert -61304 (base 8) to base 5.
-1302114
2531 (base 9) to base 4
131203
-100000110010 (base 2) to base 5
-31343
What is 25607 (base 8) in base 9?
16251
Convert 1676 (base 9) to base 15.
5a9
What is 123330 (base 4) in base 8?
3374
What is 1001011001011001 (base 2) in base 11?
26a10
-3461 (base 7) to base 13
-767
Convert 1996 (base 10) to base 5.
30441
Convert 792 (base 15) to base 13.
a19
817 (base 12) to base 10
1171
What is 205404 (base 7) in base 12?
18689
-40 (base 11) to base 10
-44
What is 10111001011011 (base 2) in base 7?
46412
Convert -16a8 (base 11) to base 13.
-cb4
Convert 3226 (base 11) to base 3.
12211220
Convert -7003 (base 8) to base 12.
-20ab
-1011122 (base 3) to base 12
-5b2
Convert -2ab6 (base 15) to base 13.
-4236
What is 68 (base 10) in base 16?
44
123160 (base 7) to base 9
34154
-5524 (base 8) to base 15
-cd5
What is -8740 (base 10) in base 8?
-21044
Convert -587 (base 14) to base 8.
-2113
What is 165b (base 12) in base 10?
2663
-3a9 (base 14) to base 12
-515
What is 202 (base 5) in base 13?
40
-100100000010 (base 2) to base 7
-6503
What is -132320 (base 4) in base 10?
-1976
31526 (base 7) to base 14
2bbd
What is 12222300 (base 4) in base 10?
27312
What is 1036 (base 15) in base 10?
3426
What is 10011101 (base 3) in base 8?
4401
Convert -16a46 (base 12) to base 4.
-13331112
Convert 59 (base 11) to base 15.
44
What is -2031401 (base 5) in base 10?
-33351
-23244 (base 5) to base 14
-895
220011 (base 3) to base 2
1010001100
Convert -3749 (base 12) to base 15.
-1cb9
Convert 1db (base 14) to base 6.
1445
What is 148 (base 13) in base 5?
1404
What is -444 (base 11) in base 9?
-651
Convert -6463 (base 7) to base 13.
-107b
-212112121 (base 3) to base 12
-9b21
12d6 (base 14) to base 10
3324
Convert 4c7 (base 15) to base 10.
1087
What is -51b (base 12) in base 5?
-10433
1100101 (base 3) to base 4
33112
8102 (base 14) to base 15
686a
Convert 3201 (base 8) to base 14.
86d
5533 (base 6) to base 3
1202110
-10121012 (base 3) to base 12
-1628
827 (base 16) to base 12
125b
Convert -1542 (base 7) to base 13.
-387
What is 856a (base 13) in base 2?
100100001001101
What is 13 (base 12) in base 9?
16
Co